{"id":564,"date":"2019-01-08T18:53:51","date_gmt":"2019-01-08T17:53:51","guid":{"rendered":"http:\/\/apweb.space\/Blog\/?page_id=564"},"modified":"2019-08-12T18:06:09","modified_gmt":"2019-08-12T17:06:09","slug":"bierologie","status":"publish","type":"page","link":"https:\/\/apweb.space\/Blog\/bierologie\/","title":{"rendered":"Bi\u00e9rologie"},"content":{"rendered":"\n<p>       Ici vous trouverez diff\u00e9rentes infos concernant la Bi\u00e8re et tout ce qui peux avoir un rapport avec elle. Je ne suis pas un professionnel, juste un passionn\u00e9 et il est fort possible que vous trouviez des erreurs, dans ce cas n'h\u00e9sitez pas \u00e0 me corriger. Dans la section <a href=\"http:\/\/apweb.space\/Blog\/bierologie\/brasseries-de-france\/\">Brasserie de France<\/a>, j'ai cr\u00e9\u00e9 une carte et des fiches concernant les brasseries (artisanales) en activit\u00e9s. Le site est en cr\u00e9ation et en perp\u00e9tuelle \u00e9volution. Si il manque des informations ou si si certaines sont erron\u00e9es, n'h\u00e9sitez pas \u00e0 me le faire savoir.<\/p>\n\n\n\n<p>       Les horaires d'ouverture sont donn\u00e9es \u00e0 titre indicatif, elles peuvent vari\u00e9es en fonction des saisons ou d'autres facteurs. Les coupures pendant le temps de midi ne sont pas indiqu\u00e9es. N'h\u00e9sitez pas \u00e0 v\u00e9rifier sur les diff\u00e9rents sites de la Brasserie ou \u00e0 la contacter via e-mail ou t\u00e9l\u00e9phone.<\/p>\n\n\n\n<p><\/p>\n","protected":false},"excerpt":{"rendered":"<p>Ici vous trouverez diff\u00e9rentes infos concernant la Bi\u00e8re et tout ce qui peux avoir un rapport avec elle. Je ne suis pas un professionnel, juste un passionn\u00e9 et il est [&hellip;]<\/p>\n","protected":false},"author":3,"featured_media":0,"parent":0,"menu_order":0,"comment_status":"open","ping_status":"closed","template":"","meta":{"footnotes":""},"class_list":["post-564","page","type-page","status-publish","hentry"],"yoast_head":"<!-- This site is optimized with the Yoast SEO plugin v27.3 - https:\/\/yoast.com\/product\/yoast-seo-wordpress\/ -->\n<title>Bi\u00e9rologie - APWeb Blog<\/title>\n<meta name=\"robots\" content=\"index, follow, max-snippet:-1, max-image-preview:large, max-video-preview:-1\" \/>\n<link rel=\"canonical\" href=\"https:\/\/apweb.space\/Blog\/bierologie\/\" \/>\n<meta property=\"og:locale\" content=\"fr_FR\" \/>\n<meta property=\"og:type\" content=\"article\" \/>\n<meta property=\"og:title\" content=\"Bi\u00e9rologie - APWeb Blog\" \/>\n<meta property=\"og:description\" content=\"Ici vous trouverez diff\u00e9rentes infos concernant la Bi\u00e8re et tout ce qui peux avoir un rapport avec elle. Je ne suis pas un professionnel, juste un passionn\u00e9 et il est [&hellip;]\" \/>\n<meta property=\"og:url\" content=\"https:\/\/apweb.space\/Blog\/bierologie\/\" \/>\n<meta property=\"og:site_name\" content=\"APWeb Blog\" \/>\n<meta property=\"article:modified_time\" content=\"2019-08-12T17:06:09+00:00\" \/>\n<meta name=\"twitter:card\" content=\"summary_large_image\" \/>\n<meta name=\"twitter:label1\" content=\"Dur\u00e9e de lecture estim\u00e9e\" \/>\n\t<meta name=\"twitter:data1\" content=\"1 minute\" \/>\n<script type=\"application\/ld+json\" class=\"yoast-schema-graph\">{\"@context\":\"https:\\\/\\\/schema.org\",\"@graph\":[{\"@type\":\"WebPage\",\"@id\":\"https:\\\/\\\/apweb.space\\\/Blog\\\/bierologie\\\/\",\"url\":\"https:\\\/\\\/apweb.space\\\/Blog\\\/bierologie\\\/\",\"name\":\"Bi\u00e9rologie - APWeb Blog\",\"isPartOf\":{\"@id\":\"https:\\\/\\\/apweb.space\\\/Blog\\\/#website\"},\"datePublished\":\"2019-01-08T17:53:51+00:00\",\"dateModified\":\"2019-08-12T17:06:09+00:00\",\"breadcrumb\":{\"@id\":\"https:\\\/\\\/apweb.space\\\/Blog\\\/bierologie\\\/#breadcrumb\"},\"inLanguage\":\"fr-FR\",\"potentialAction\":[{\"@type\":\"ReadAction\",\"target\":[\"https:\\\/\\\/apweb.space\\\/Blog\\\/bierologie\\\/\"]}]},{\"@type\":\"BreadcrumbList\",\"@id\":\"https:\\\/\\\/apweb.space\\\/Blog\\\/bierologie\\\/#breadcrumb\",\"itemListElement\":[{\"@type\":\"ListItem\",\"position\":1,\"name\":\"Accueil\",\"item\":\"https:\\\/\\\/apweb.space\\\/Blog\\\/\"},{\"@type\":\"ListItem\",\"position\":2,\"name\":\"Bi\u00e9rologie\"}]},{\"@type\":\"WebSite\",\"@id\":\"https:\\\/\\\/apweb.space\\\/Blog\\\/#website\",\"url\":\"https:\\\/\\\/apweb.space\\\/Blog\\\/\",\"name\":\"APWeb Blog\",\"description\":\"\",\"potentialAction\":[{\"@type\":\"SearchAction\",\"target\":{\"@type\":\"EntryPoint\",\"urlTemplate\":\"https:\\\/\\\/apweb.space\\\/Blog\\\/?s={search_term_string}\"},\"query-input\":{\"@type\":\"PropertyValueSpecification\",\"valueRequired\":true,\"valueName\":\"search_term_string\"}}],\"inLanguage\":\"fr-FR\"}]}<\/script>\n<!-- \/ Yoast SEO plugin. -->","yoast_head_json":{"title":"Bi\u00e9rologie - APWeb Blog","robots":{"index":"index","follow":"follow","max-snippet":"max-snippet:-1","max-image-preview":"max-image-preview:large","max-video-preview":"max-video-preview:-1"},"canonical":"https:\/\/apweb.space\/Blog\/bierologie\/","og_locale":"fr_FR","og_type":"article","og_title":"Bi\u00e9rologie - APWeb Blog","og_description":"Ici vous trouverez diff\u00e9rentes infos concernant la Bi\u00e8re et tout ce qui peux avoir un rapport avec elle. Je ne suis pas un professionnel, juste un passionn\u00e9 et il est [&hellip;]","og_url":"https:\/\/apweb.space\/Blog\/bierologie\/","og_site_name":"APWeb Blog","article_modified_time":"2019-08-12T17:06:09+00:00","twitter_card":"summary_large_image","twitter_misc":{"Dur\u00e9e de lecture estim\u00e9e":"1 minute"},"schema":{"@context":"https:\/\/schema.org","@graph":[{"@type":"WebPage","@id":"https:\/\/apweb.space\/Blog\/bierologie\/","url":"https:\/\/apweb.space\/Blog\/bierologie\/","name":"Bi\u00e9rologie - APWeb Blog","isPartOf":{"@id":"https:\/\/apweb.space\/Blog\/#website"},"datePublished":"2019-01-08T17:53:51+00:00","dateModified":"2019-08-12T17:06:09+00:00","breadcrumb":{"@id":"https:\/\/apweb.space\/Blog\/bierologie\/#breadcrumb"},"inLanguage":"fr-FR","potentialAction":[{"@type":"ReadAction","target":["https:\/\/apweb.space\/Blog\/bierologie\/"]}]},{"@type":"BreadcrumbList","@id":"https:\/\/apweb.space\/Blog\/bierologie\/#breadcrumb","itemListElement":[{"@type":"ListItem","position":1,"name":"Accueil","item":"https:\/\/apweb.space\/Blog\/"},{"@type":"ListItem","position":2,"name":"Bi\u00e9rologie"}]},{"@type":"WebSite","@id":"https:\/\/apweb.space\/Blog\/#website","url":"https:\/\/apweb.space\/Blog\/","name":"APWeb Blog","description":"","potentialAction":[{"@type":"SearchAction","target":{"@type":"EntryPoint","urlTemplate":"https:\/\/apweb.space\/Blog\/?s={search_term_string}"},"query-input":{"@type":"PropertyValueSpecification","valueRequired":true,"valueName":"search_term_string"}}],"inLanguage":"fr-FR"}]}},"_links":{"self":[{"href":"https:\/\/apweb.space\/Blog\/wp-json\/wp\/v2\/pages\/564","targetHints":{"allow":["GET"]}}],"collection":[{"href":"https:\/\/apweb.space\/Blog\/wp-json\/wp\/v2\/pages"}],"about":[{"href":"https:\/\/apweb.space\/Blog\/wp-json\/wp\/v2\/types\/page"}],"author":[{"embeddable":true,"href":"https:\/\/apweb.space\/Blog\/wp-json\/wp\/v2\/users\/3"}],"replies":[{"embeddable":true,"href":"https:\/\/apweb.space\/Blog\/wp-json\/wp\/v2\/comments?post=564"}],"version-history":[{"count":12,"href":"https:\/\/apweb.space\/Blog\/wp-json\/wp\/v2\/pages\/564\/revisions"}],"predecessor-version":[{"id":2403,"href":"https:\/\/apweb.space\/Blog\/wp-json\/wp\/v2\/pages\/564\/revisions\/2403"}],"wp:attachment":[{"href":"https:\/\/apweb.space\/Blog\/wp-json\/wp\/v2\/media?parent=564"}],"curies":[{"name":"wp","href":"https:\/\/api.w.org\/{rel}","templated":true}]}}